s digit of 20299312?
9
What is the thousands digit of 207639?
7
What is the thousands digit of 577919?
7
What is the hundreds digit of 216303?
3
What is the ten thousands digit of 1525535?
2
What is the ten thousands digit of 11480369?
8
What is the tens digit of 3398268?
6
What is the thousands digit of 152345?
2
What is the ten thousands digit of 1941371?
4
What is the hundreds digit of 18527419?
4
What is the hundreds digit of 1318211?
2
What is the units digit of 545519?
9
What is the thousands digit of 1904908?
4
What is the tens digit of 581442?
4
What is the ten thousands digit of 15499268?
9
What is the hundreds digit of 1328802?
8
What is the units digit of 359783?
3
What is the hundreds digit of 1932503?
5
What is the tens digit of 344843?
4
What is the hundreds digit of 283511?
5
What is the hundred thousands digit of 972962?
9
What is the hundreds digit of 519011?
0
What is the tens digit of 830984?
8
What is the units digit of 1454273?
3
What is the ten thousands digit of 436893?
3
What is the hundred thousands digit of 1029514?
0
What is the hundred thousands digit of 12066011?
0
What is the hundreds digit of 728870?
8
What is the hundreds digit of 87134?
1
What is the units digit of 1279140?
0
What is the thousands digit of 51289?
1
What is the hundreds digit of 1443543?
5
What is the tens digit of 38096?
9
What is the tens digit of 187602?
0
What is the hundreds digit of 117906?
9
What is the hundreds digit of 306168?
1
What is the thousands digit of 3929911?
9
What is the hundreds digit of 11984707?
7
What is the ten thousands digit of 35707?
3
What is the hundred thousands digit of 1820842?
8
What is the hundred thousands digit of 244709?
2
What is the millions digit of 8732661?
8
What is the ten thousands digit of 5240723?
4
What is the tens digit of 5299560?
6
What is the tens digit of 505942?
4
What is the tens digit of 165418?
1
What is the ten thousands digit of 3242302?
4
What is the millions digit of 7270405?
7
What is the units digit of 365788?
8
What is the ten thousands digit of 1674413?
7
What is the units digit of 888147?
7
What is the ten thousands digit of 370638?
7
What is the units digit of 3032996?
6
What is the ten thousands digit of 732974?
3
What is the hundreds digit of 199451?
4
What is the thousands digit of 67924?
7
What is the tens digit of 442504?
0
What is the tens digit of 8508044?
4
What is the thousands digit of 617811?
7
What is the hundred thousands digit of 110256?
1
What is the ten thousands digit of 825181?
2
What is the units digit of 46617?
7
What is the millions digit of 2383165?
2
What is the thousands digit of 3594674?
4
What is the ten millions digit of 12282735?
1
What is the units digit of 251029?
9
What is the hundred thousands digit of 201810?
2
What is the tens digit of 79938?
3
What is the hundreds digit of 1472104?
1
What is the tens digit of 474373?
7
What is the hundred thousands digit of 3751761?
7
What is the tens digit of 130743?
4
What is the units digit of 490302?
2
What is the units digit of 502524?
4
What is the ten thousands digit of 19002278?
0
What is the units digit of 1253523?
3
What is the ten thousands digit of 103898?
0
What is the units digit of 186921?
1
What is the hundred thousands digit of 551818?
5
What is the units digit of 3142701?
1
What is the units digit of 22736056?
6
What is the thousands digit of 501697?
1
What is the tens digit of 35524889?
8
What is the hundred thousands digit of 1030655?
0
What is the millions digit of 30445300?
0
What is the thousands digit of 10773081?
3
What is the tens digit of 194032?
3
What is the hundred thousands digit of 274107?
2
What is the hundred thousands digit of 1153036?
1
What is the hundreds digit of 4740049?
0
What is the tens digit of 3689994?
9
What is the ten thousands digit of 2731642?
3
What is the ten thousands digit of 793595?
9
What is the tens digit of 741401?
0
What is the units digit of 1243245?
5
What is the hundred thousands digit of 18638437?
6
What is the ten thousands digit of 411651?
1
What is the units digit of 108293?
3
What is the tens digit of 13914130?
3
What is the tens digit of 231338?
3
What is the thousands digit of 18200630?
0
What is the thousands digit of 81079?
1
What is the hundreds digit of 107179?
1
What is the tens digit of 632748?
4
What is the hundreds digit of 859195?
1
What is the units digit of 521873?
3
What is the hundred thousands digit of 2451548?
4
What is the ten thousands digit of 3491647?
9
What is the hundreds digit of 1577889?
8
What is the millions digit of 1693601?
1
What is the ten thousands digit of 2400218?
0
What is the hundred thousands digit of 14625155?
6
What is the hundred thousands digit of 4170476?
1
What is the thousands digit of 21306170?
6
What is the hundreds digit of 446657?
6
What is the ten thousands digit of 26617112?
1
What is the hundreds digit of 29671?
6
What is the hundreds digit of 1413583?
5
What is the hundreds digit of 1089987?
9
What is the ten thousands digit of 170643?
7
What is the hundreds digit of 1320523?
5
What is the tens digit of 25443075?
7
What is the thousands digit of 3042546?
2
What is the hundred thousands digit of 571217?
5
What is the ten thousands digit of 1060038?
6
What is the ten thousands digit of 29904684?
0
What is the hundred thousands digit of 127486?
1
What is the hundred thousands digit of 4353508?
3
What is the tens digit of 31712?
1
What is the hundred thousands digit of 2870025?
8
What is the thousands digit of 349490?
9
What is the hundreds digit of 581761?
7
What is the thousands digit of 747033?
7
What is the thousands digit of 2975740?
5
What is the tens digit of 512961?
6
What is the hundred thousands digit of 100258?
1
What is the tens digit of 434072?
7
What is the tens digit of 674557?
5
What is the units digit of 747094?
4
What is the units digit of 83210?
0
What is the units digit of 4574769?
9
What is the millions digit of 17429302?
7
What is the thousands digit of 31530528?
0
What is the thousands digit of 68721?
8
What is the hundred thousands digit of 8486343?
4
What is the ten millions digit of 42516362?
4
What is the hundreds digit of 2206755?
7
What is the tens digit of 218295?
9
What is the hundreds digit of 3489750?
7
What is the thousands digit of 1174345?
4
What is the ten thousands digit of 483270?
8
What is the units digit of 15700999?
9
What is the tens digit of 354485?
8
What is the units digit of 8376606?
6
What is the hundreds digit of 94698?
6
What is the ten millions digit of 32269432?
3
What is the hundred thousands digit of 1004740?
0
What is the tens digit of 3141868?
6
What is the hundred thousands digit of 666303?
6
What is the hundred thousands digit of 232044?
2
What is the hundreds digit of 15043380?
3
What is the ten millions digit of 21290432?
2
What is the thousands digit of 7528389?
8
What is the units digit of 1141386?
6
What is the ten thousands digit of 568415?
6
What is the units digit of 13960956?
6
What is the hundred thousands digit of 271203?
2
What is the tens digit of 1140885?
8
What is the hundreds digit of 1399784?
7
What is the ten thousands digit of 19337?
1
What is the ten thousands digit of 273886?
7
What is the ten millions digit of 34615198?
3
What is the hundred thousands digit of 1460875?
4
What is the tens digit of 194603?
0
What is the units digit of 5801?
1
What is the units digit of 404758?
8
What is the tens digit of 2815143?
4
What is the ten thousands digit of 281530?
8
What is the units digit of 2458117?
7
What is the hundred thousands digit of 2364267?
3
What is the hundred thousands digit of 762880?
7
What is the hundred thousands digit of 401617?
4
What is the tens digit of 147163?
6
What is the thousands digit of 5807544?
7
What is the tens digit of 526075?
7
What is the thousands digit of 7463980?
3
What is the hundred thousands digit of 116246?
1
What is the units digit of 268861?
1
What is the tens digit of 895838?
3
What is the tens digit of 11659210?
1
What is the tens digit of 2536216?
1
What is the ten thousands digit of 726242?
2
What is the ten thousands digit of 3664890?
6
What is the ten thousands digit of 15133294?
3
What is the units digit of 660300?
0
What is the hundred thousands digit of 1149052?
1
What is th